734. What is the tens digit of o?
3
Let i = -7910 - -8289. Let b = -88 - 58. Let v = i + b. What is the hundreds digit of v?
2
Suppose -7*d + 2174338 = 22*d + 210052. What is the hundreds digit of d?
7
What is the tens digit of (-129635)/(-15) + 6 + 2 - (-12)/(-9)?
4
Let n be -5 + 690 - (3 + -6). Let v = -240 + n. Suppose -2*z - 4*y = -v, z + 2*y - 236 = 6*y. What is the hundreds digit of z?
2
Let j = 661 - -247. Let a = j + -708. What is the tens digit of a?
0
Suppose -1200 = 9*j - 5673. What is the units digit of j?
7
Let s be (-8)/36 + (-3728)/(-9). Let v = 106 + s. What is the tens digit of v?
2
Let o(r) = -9*r - 9. Let t be o(3). What is the tens digit of (-121)/(-6) + 6 + 222/t?
2
Suppose -5*s = -5*i - 10, 0 = 5*i + s - 5 - 15. Suppose -i*p = 7 + 29. What is the units digit of (-9)/((-18)/(-4))*p?
4
Let k = 6 + 76. Suppose 7*x - 9*x + k = 0. Let n = x - 20. What is the units digit of n?
1
Suppose -31*k + 1333 = -8773. Suppose -h - 4*c - k = -1164, 3*h - 3*c - 2514 = 0. What is the hundreds digit of h?
8
Suppose -2572253 = 38*f - 121*f. What is the units digit of f?
1
What is the thousands digit of ((-23554)/2)/(92 + -93)?
1
Suppose 2*t = -d - 51, 3*t + 2*d + 75 = -0*t. What is the units digit of (20/(-50) - t/5)*1?
5
Let t be (-1441)/(-3) + (-6 - (-60)/9). Suppose -h + t = -16. What is the units digit of h?
7
Suppose -13*r + 4*r + 186216 = -2*a, -5*r = -3*a - 103442. What is the units digit of r?
2
Let x(o) = -o**3 + 16*o**2 + 3*o - 15. Let s(u) = -u**3 + 15*u**2 + 2*u - 14. Let g(y) = 7*s(y) - 6*x(y). Let f = 279 - 273. What is the units digit of g(f)?
6
Suppose 156 = 4*v - 0*v. Let w = -975 - -1011. Suppose 825 = v*z - w*z. What is the tens digit of z?
7
Let b be (21/7)/(9*2/42). What is the units digit of 6/(-3)*(b - (-2601)/(-6))?
3
Let q be (-19)/38*(-16 + 1 + -3). Let a(j) = 7*j + 4*j**2 + q*j - 365 + 349. What is the units digit of a(-9)?
4
Suppose -5*j = -3*o - 86402, 12*j = 10*j - o + 34563. What is the ten thousands digit of j?
1
Let k(r) = 15*r**2 + 2*r - 4. Suppose 0 = -3*p + 9, 5*j - 9 - 2 = 3*p. Suppose 3*b = 4*d - 11, 5*d - 6 = -j*b - 0. What is the tens digit of k(d)?
6
Suppose 4*q = -5*q + 27. Suppose -p - q*z = -473 - 536, 3027 = 3*p - 2*z. What is the thousands digit of p?
1
Let s(f) = 6*f + 77 + 20 + 36. What is the units digit of s(-21)?
7
Suppose -14*i - 226856 = -12*i - 30*i. What is the tens digit of i?
0
Let d(f) be the first derivative of f**4/4 + 7*f**3/3 - 4*f**2 - 16*f - 7. What is the tens digit of d(5)?
4
Suppose 113*p + 2484 = 119*p. Let f = p + 11. What is the units digit of f?
5
Let o = 47 - 42. Suppose -8*t + 4*t - 4*p - 584 = 0, -o*t - 3*p - 720 = 0. Let k = t - -394. What is the hundreds digit of k?
2
Suppose 752 = -5*o + 732, 2*a = 2*o + 18662. What is the units digit of a?
7
Let s(g) = 13*g**2 - 5*g + 4. Let c be s(1). Suppose 9*i = c + 492. Suppose 0 = -33*u + 29*u + i. What is the units digit of u?
4
Suppose 550*q - 37505 = 545*q. What is the thousands digit of q?
7
Suppose 0 = 8*p - 6*p - 52. What is the tens digit of 2*(283/3)/(p/39)?
8
Let j(q) = -q**3 + 16*q**2 + 28*q + 12. Let g(d) = d**3 - 11*d**2 + 18*d + 16. Let z be g(9). What is the units digit of j(z)?
0
Suppose -1710 = -j + 6*w - 3*w, 5*w - 3343 = -2*j. What is the tens digit of j?
8
What is the units digit of 1786425/550 + 6/(-132)?
8
Suppose 0 = 26*x - 43*x + 2261. Suppose 5*d - 1066 - 469 = 0. Let b = d - x. What is the tens digit of b?
7
Let h = 27517 + -4341. What is the ten thousands digit of h?
2
Suppose 0 = -53*b + 50*b + 294. Let h = b + 130. What is the tens digit of h?
2
Let r = -173 - -173. Suppose 5*h + y - 23 = 0, -3*y + 24 = 3*h + y. Suppose r = 7*o - h*o - 3, 4*p = o + 75. What is the tens digit of p?
1
Suppose -5*z + 295 = 5*j, 285 - 102 = 3*j - 3*z. Suppose -22*b = -25*b + j. What is the tens digit of b?
2
Suppose 5*r + 5*c = 5320 + 51220, 33923 = 3*r + 4*c. What is the ten thousands digit of r?
1
Suppose 0 = -2*r + 3*o + 24148, 5*o + 60365 = 11*r - 6*r. What is the ten thousands digit of r?
1
Suppose 2*c - 6*c + 8 = 0. Suppose 7 + 128 = -d - 4*h, c*h = -10. Let i = -34 - d. What is the units digit of i?
1
Suppose -1481*d - 147059 = -3021*d + 1511*d. What is the units digit of d?
1
Suppose 10*m = 25 + 15. Suppose y = -m*i - 3*y, 0 = 4*y + 20. Suppose 0 = 5*s + i*s - 620. What is the tens digit of s?
6
Let k(v) = -14*v**2 - 44 + 5*v - 8*v + 34 - 9*v - 2*v**3. What is the hundreds digit of k(-9)?
4
Suppose 46 = -2*t + 52. Suppose q = -4*z + 248, t*q + 0*z - 4*z - 696 = 0. Suppose 0 = 2*l - 5*k - q, -2*l - l + 340 = -4*k. What is the tens digit of l?
0
What is the units digit of 18872168/456 + 1/(-3)*4?
5
Let r(w) = w**2 - 3*w - 16. Let h be r(-4). Suppose -5*b = 2*z - h - 2, -2*b + 2 = 2*z. Let y = 165 + b. What is the units digit of y?
9
Let j = 14678 - -12997. What is the ten thousands digit of j?
2
Suppose -5*p = 15*w - 18*w + 181074, -3*w + 181092 = -2*p. What is the hundreds digit of w?
3
Let g = -3476 + 6213. What is the thousands digit of g?
2
Let o = 16 + 657. What is the units digit of o?
3
Let n = 507 + -309. Suppose -3*m + 24 = -n. Let r = m + 39. What is the hundreds digit of r?
1
Let f = 6 + -4. Suppose 2*y + f*y + 5*z - 1436 = 0, z = 0. What is the units digit of y?
9
Let u(x) = -4*x + 4. Let t be u(-1). Suppose -6*y = -4*y - t. Suppose 5*p + m = 157 + 247, 5*p = y*m + 409. What is the tens digit of p?
8
Let r be -3 - (-72)/3*2. Suppose -p - r = -49. Suppose 0 = -4*f + p*k + 1342 - 298, -522 = -2*f - 5*k. What is the units digit of f?
1
Let x(a) = a**3 - 15*a**2 + 5*a - 9. Let b be x(7). Let t = b + 516. Suppose z + 2*z = 4*n + t, -z + 45 = -3*n. What is the tens digit of z?
5
Let l(k) = 23*k**2 + 37*k + 513. What is the tens digit of l(19)?
1
Suppose -3*v + 2*v + 2*x - 219 = 0, -2*v - 4*x = 462. Let g = v + 514. What is the tens digit of g?
8
Suppose -2*d = -3*d + 86. Suppose 90*x + 5680 = -148*x + 682. Let t = d + x. What is the units digit of t?
5
Suppose -390 - 525 = -5*j. Suppose 122 = 5*v - j. What is the tens digit of v?
6
Let j = -308 - -281. What is the units digit of (-1)/(j/36 - 62/(-88))?
2
Let a(h) = 17*h + 85. Let i(n) = -9*n - 43. Let y(f) = -4*a(f) - 7*i(f). Let p be y(-6). Let t = 65 + p. What is the tens digit of t?
5
Let r(t) = t**2 + 3*t + 424. Let v(f) = f**2 + f - 6. Let k be v(-3). Let h be r(k). Suppose -h = -10*c + 6*c. What is the hundreds digit of c?
1
Suppose 3*x + 210 = 930. Suppose -353 = 4*j - t - 1346, -x = -j + 3*t. What is the hundreds digit of j?
2
Suppose -2*d + 155 = 5*z - 233, 406 = 2*d - 4*z. Let x = 397 - d. Let t = -12 + x. What is the tens digit of t?
8
Let r(n) = -n**2 + 21*n - 35. Let t be -7 + (-5 - -1) + 4. Let d(q) = 4*q**2 - 64*q + 106. Let h(p) = t*r(p) - 2*d(p). What is the tens digit of h(-15)?
9
What is the tens digit of (-2733394)/(-186) + ((-64)/(-12) - 4)?
9
Let q = 16419 + -10239. What is the thousands digit of q?
6
Let u be (90/135)/((-1*1)/(-12)). Let l(z) = -z - z + z**3 + 10*z**2 - 3 + u*z. What is the tens digit of l(-9)?
2
Suppose -8*n + 63372 - 680302 = -46*n. What is the units digit of n?
5
What is the units digit of (-2 - 1)/((-102330)/34100 + 3)?
0
Let w = 51870 + -3031. What is the units digit of w?
9
Suppose 31*f - 33*f + 8 = 0, -89784 = -5*x - f. What is the ten thousands digit of x?
1
Suppose p + 16*p - 179996 = -0*p. What is the ten thousands digit of p?
1
Let b = 10531 - 1317. What is the hundreds digit of b?
2
Let i = 1807 + 8348. What is the tens digit of i?
5
Let w(r) = -7*r**2 - 33*r - 106. Let x(v) = 4*v**2 + 35*v + 106. Let l(f) = -3*w(f) - 4*x(f). What is the hundreds digit of l(19)?
9
Let q be (-10)/(5 + (-252)/52). Let w = 182 - q. What is the hundreds digit of w?
2
Suppose 51 = -5*i - 3*t, -i - t = 9 - 0. What is the units digit of 3 + ((-14)/(-6))/(i/(-180))?
8
Let k(u) = 8*u**2 - 24*u - 167. What is the tens digit of k(-6)?
6
Suppose 0 = 14*w - 3275 + 237. Suppose w = x - 356. What is the hundreds digit of x?
5
Suppose 2 = -2*c + 20. Let w(t) = 6*t - c - 16*t - 17. What is the tens digit of w(-7)?
4
Let t(p) = -2*p - 812 + 835 - 2*p. Let b be t(5). What is the units digit of 0 + (b - -3 - 4) + 1?
3
What is the units digit of (-13)/(-4*9/756)?
3
Suppose -24*w + 18*w = 54. What is the hundreds digit of (-1864 - 1)*w/15?
